se 5 = 5*m, 6*v - 3*v - 31 = 5*m. Calculate the remainder when 297/v - (-2)/8 is divided by 9.
7
Let d(b) = b**3 + 10*b**2 - 15*b - 18. Calculate the remainder when 103 is divided by d(-11).
25
Let i be (-2 - 3)*(-24)/(-20). Calculate the remainder when 3 is divided by i/(0 - (-6)/(-3)).
0
Let c = -5 + 10. Let m(p) = -2*p - 6. Let f = -18 + 11. What is the remainder when m(f) is divided by c?
3
Let y(n) = 104*n - 3. Let s be y(-3). What is the remainder when (-4)/(-10) - s/25 is divided by 5?
3
Suppose 2*r + 0 - 6 = 0. Suppose 35 = 2*p + r*p. What is the remainder when 20 is divided by p?
6
Let f = 6 + -9. Calculate the remainder when (3 - 2)/(f/(-36)) is divided by 5.
2
Let s be (7 + 9)*(-1)/(-2). Calculate the remainder when (-1065)/(-20) - 2/s is divided by 19.
15
Suppose -5*u - 3*y - 2 = 0, 3*u - 5*u - 5*y - 16 = 0. Calculate the remainder when 5 is divided by u.
1
Suppose 2*p - 6 = -4. Suppose i + 4*j = -0*j - 7, -j = -2*i + 13. Calculate the remainder when i is divided by 3 + -7 + p + 6.
2
Suppose -50 = 5*t + 10. Calculate the remainder when 17 is divided by 8/10*(-90)/t.
5
Calculate the remainder when 27 is divided by 24/(-16)*40/(-6).
7
Suppose -3*p = -7*p + 16. Suppose -p*a - 15 = -3*r, 3*r + 2 = -a + 2*r. Calculate the remainder when 17 is divided by ((-6)/a)/(2/9).
8
Suppose -4*x + 3*o + 26 = x, -5*o = 5*x - 10. Suppose -q + 5 = -4. Calculate the remainder when x/18 + 88/q is divided by 4.
2
Let k = 16 - 7. Let x = k - -8. Calculate the remainder when x is divided by 9.
8
Suppose -5*k = 2*k - 42. What is the remainder when (-2)/7 - 312/(-14) is divided by k?
4
Let n(k) = 8*k**3 + k**2 - 2*k**3 - 5*k**3 - 1 - 3*k. What is the remainder when n(3) is divided by 9?
8
Let k(f) = -3*f + 6. Calculate the remainder when 17 is divided by k(-1).
8
Calculate the remainder when 19 + 3 + 0/(-2) is divided by 13.
9
Let o = -6 - -31. Suppose -x - 5*w = -93, -2*w + 6*w = -5*x + 381. Calculate the remainder when x is divided by o.
23
What is the remainder when (-3)/((-1)/((-220)/(-12))) is divided by 20?
15
Suppose -5*h - 54 = -4*t, 4*t = 2*h + 55 - 7. Let f(x) = 7*x + 6. Calculate the remainder when f(5) is divided by t.
8
Let x(c) = -c + 18. What is the remainder when 1 is divided by x(17)?
0
Suppose 0 = -0*g + g - 16. Let i = -2 + 7. Suppose -i*k - 30 = -185. What is the remainder when k is divided by g?
15
Let z = 0 - 11. Let a(k) = k**2 + 8*k - 15. Calculate the remainder when 33 is divided by a(z).
15
Let h = 16 - 12. Let s = h + 5. What is the remainder when 25 is divided by s?
7
Suppose 2*o = -8 - 0. Let x = -5 - o. What is the remainder when x - (0 - 11) - 1 is divided by 5?
4
Let i(g) = g**2 + 17*g + 37. What is the remainder when 41 is divided by i(-15)?
6
Suppose -w = 4*a - 68 + 15, w = a + 33. What is the remainder when w is divided by 11?
4
Let m = 5 - 2. Calculate the remainder when 7 is divided by m.
1
Let v(c) = c**3 + 5*c**2 + 2. Let n be v(-5). Suppose -n*j + 31 = 13. What is the remainder when j is divided by 4?
1
Let b be 2 + (-1 - 0)*0. Suppose -o + 3 = b. Calculate the remainder when 2 is divided by o.
0
Let v = -172 + 208. Suppose 13 - 1 = 3*m. Suppose -41 = -3*w + l, -4*l - 21 = -m*w + 3*w. What is the remainder when v is divided by w?
10
Let k(x) = -x**2 - 4*x + 7. Let b be k(-5). Suppose 2*p = -s + b*s + 33, -p - 5*s + 44 = 0. What is the remainder when 54 is divided by p?
16
Let o(h) = 0*h**3 + 2*h**3 - 3*h**3 + 2 - 6*h**2. Let t be o(-6). Suppose 3*n + t*n = 55. What is the remainder when 32 is divided by n?
10
Let k(j) = 4*j + 1. Let n be k(1). Suppose 0 = n*p - 3*p - 2. What is the remainder when 1 is divided by p?
0
Let t = -27 + 18. Let o = t - -16. Calculate the remainder when 13 is divided by o.
6
Let o = 26 - 8. Let y = -1 - -3. What is the remainder when 7/((-7)/y)*-26 is divided by o?
16
Let l = 3 - -4. Suppose -3*b + 34 = 2*q, 2*b + q - l = 14. Calculate the remainder when 29 is divided by b.
5
Let r(f) = -19*f - 86. What is the remainder when r(-8) is divided by 28?
10
Suppose 0 = 6*n - 12 - 834. Calculate the remainder when n is divided by 36.
33
Suppose -3*q + 40 + 146 = 0. What is the remainder when q is divided by (2/(-4))/((-11)/22) + 20?
20
Let b be 0/(-1) + 2 + 2. Suppose -3*m + b*m - 4*s - 12 = 0, 3*m + 2*s + 34 = 0. Let h = m - -20. Calculate the remainder when 23 is divided by h.
11
Suppose 4*w - 9*w = -10. Suppose z - 63 = -w*z. Suppose 2*y = 5*x - 22, 4*y + 0*y = 16. Calculate the remainder when z is divided by x.
3
Suppose 2*p - 1 + 3 = 0. What is the remainder when (-5 + 3)*p + 77 is divided by 20?
19
Let t = 3 - 14. Suppose 32 = 3*m - 0*z + 4*z, z = -4. Let f = m + t. Calculate the remainder when f is divided by 2.
1
Suppose 7*u + 5 = 2*u. Let l = u + 12. Let v = 49 + -18. What is the remainder when v is divided by l?
9
Suppose -i = -6*i + 135. Suppose -4*y + 3*y - 16 = -3*h, -3*y = h - 22. Calculate the remainder when i is divided by h.
6
Suppose -2*s + x + 2*x = -27, -5*s + 72 = -3*x. Let p(o) = o**2 + 2*o - 4. Let g be 1*3/(-1) + -1. Calculate the remainder when s is divided by p(g).
3
Let a(k) = -4*k - 9. Let u be a(-7). Suppose 0 = -2*l + u + 3. Let z = -22 - -42. Calculate the remainder when z is divided by l.
9
Let m = -5 - -13. Let d(r) = 3*r - 2*r - 5 + 2*r. What is the remainder when d(m) is divided by 10?
9
Let t(r) = -r**3 - 6*r**2 + 7*r + 10. Let m be t(-7). Let g(n) = n**2 - 13*n - 4. Let a be g(m). Calculate the remainder when -3 + 1 + 1 - a is divided by 9.
6
Suppose 2*b = 7*b - 105. Calculate the remainder when 60 is divided by b.
18
Let d(i) = 2*i**2 + 4*i + 1. Let w be 1*(-4)/(-2) - 0. What is the remainder when 2 - (-35 + w + 2) is divided by d(-4)?
16
Calculate the remainder when ((-15)/(-6))/(3/66) is divided by 14.
13
Let f = -132 - -153. What is the remainder when 34 is divided by f?
13
Let x = -92 - -132. Calculate the remainder when x is divided by 14.
12
Let d = -69 - 84. What is the remainder when (d/(-36))/(2/8) is divided by 6?
5
Let z = -45 - -31. Let o(t) = t**3 + 3*t**2 + 6*t + 6. Let c be o(-4). Let q = z - c. What is the remainder when q is divided by 11?
9
Suppose -3*g + 111 = 3*w, -2*w = -w - 2*g - 52. Calculate the remainder when 121 is divided by w.
37
Let x = 4 + 17. Let o(t) = 13*t - 82. What is the remainder when o(11) is divided by x?
19
Let l = 75 - 46. Calculate the remainder when 83 is divided by l.
25
Let c be (-29)/(-3) - (-1)/3. Suppose c = f + 43. Let a = f + 54. What is the remainder when a is divided by 11?
10
Let w = -13 - -17. What is the remainder when 11 is divided by w?
3
What is the remainder when 79 is divided by ((-9)/2 + 3)*(-21 - -3)?
25
Let u = 47 + -15. What is the remainder when 63 is divided by u?
31
Let h(o) = -5*o + 3. Suppose 0 = 4*y - 29 - 23. What is the remainder when h(-4) is divided by y?
10
Let v(w) = -w**2 + w - 1. Let g = -2 + 2. Let j be v(g). Calculate the remainder when j*2 - -2*29 is divided by 19.
18
Suppose -2*s + 3*d + 42 = -d, -5*d - 100 = -5*s. Let a(v) = v**3 + 7*v**2 + 4. Calculate the remainder when a(-5) is divided by s.
16
Let n(x) = -5*x + 5*x + x - 2. Let d be n(4). Suppose -2 = -d*t + 14. Calculate the remainder when t is divided by 3.
2
Let a(x) = 2*x - 2. Let g be a(2). Suppose 2*f = -g*f + 260. What is the remainder when f is divided by 22?
21
Suppose 95 = 2*b - 189. Calculate the remainder when b is divided by 29.
26
Suppose -q - 10 = -6*q - t, 5*q = 3*t + 30. Suppose 2*g - p - 9 = 0, g - q*p - 24 = -4*g. What is the remainder when 8 is divided by g?
2
Calculate the remainder when 78 is divided by (162/(-12))/((-2)/4).
24
Suppose -4*t + 10 = -2*i - 2, -3*t + 3*i = -9. Calculate the remainder when 8 is divided by t.
2
Suppose -3*o + 4*u = -83, 3*o + 4*u - u - 48 = 0. What is the remainder when o is divided by 11?
10
Let g = 22 + -13. Suppose 5*v + t = -0*v - g, -2*v = t + 6. What is the remainder when 2/1 - 7/v is divided by 5?
4
Let z = -121 - -141. What is the remainder when 74 is divided by z?
14
Suppose 3*f - 237 = 3*w, 5*f + 3*w = w + 388. Calculate the remainder when f is divided by 27.
24
Suppose -w = -4*c + 3*w + 12, -4*c - 4*w + 28 = 0. What is the remainder when 8 is divided by c?
3
Let b = 121 + -69. Suppose 24 = i + 4*k, i = 5*i + 5*k - b. Let t = -1 + 15. Calculate the remainder whe